{"id":3016,"date":"2026-04-13T08:34:00","date_gmt":"2026-04-13T06:34:00","guid":{"rendered":"https:\/\/fachkraefteallianz-nr.de\/?page_id=3016"},"modified":"2026-04-13T09:11:13","modified_gmt":"2026-04-13T07:11:13","slug":"lageplan-2026","status":"publish","type":"page","link":"https:\/\/fachkraefteallianz-nr.de\/index.php\/lageplan-2026\/","title":{"rendered":"Lageplan 2026"},"content":{"rendered":"<div id=\"team\" class=\"fusion-container-anchor\"><div class=\"fusion-fullwidth fullwidth-box fusion-builder-row-1 fusion-flex-container has-pattern-background has-mask-background nonhundred-percent-fullwidth non-hundred-percent-height-scrolling\" style=\"--link_hover_color: var(--awb-color4);--link_color: var(--awb-color5);--awb-background-position:left top;--awb-border-sizes-top:0px;--awb-border-sizes-bottom:0px;--awb-border-sizes-left:0px;--awb-border-sizes-right:0px;--awb-border-radius-top-left:0px;--awb-border-radius-top-right:0px;--awb-border-radius-bottom-right:0px;--awb-border-radius-bottom-left:0px;--awb-padding-top:110px;--awb-padding-bottom:130px;--awb-padding-top-medium:90px;--awb-padding-bottom-medium:90px;--awb-margin-bottom-medium:0px;--awb-background-color:var(--awb-color1);\" ><div class=\"fusion-builder-row fusion-row fusion-flex-align-items-flex-start fusion-flex-justify-content-center\" style=\"max-width:calc( 1200px + 80px );margin-left: calc(-80px \/ 2 );margin-right: calc(-80px \/ 2 );\"><div class=\"fusion-layout-column fusion_builder_column fusion-builder-column-0 fusion_builder_column_2_3 2_3 fusion-flex-column\" style=\"--awb-bg-size:cover;--awb-width-large:66.666666666667%;--awb-margin-top-large:0px;--awb-spacing-right-large:40px;--awb-margin-bottom-large:0px;--awb-spacing-left-large:40px;--awb-width-medium:60%;--awb-order-medium:0;--awb-spacing-right-medium:40px;--awb-spacing-left-medium:40px;--awb-width-small:100%;--awb-order-small:0;--awb-spacing-right-small:40px;--awb-margin-bottom-small:50px;--awb-spacing-left-small:40px;\"><div class=\"fusion-column-wrapper fusion-column-has-shadow fusion-flex-justify-content-flex-start fusion-content-layout-column\"><section style=\"max-width:1100px;margin:0 auto;padding:20px 0 40px 0;font-family:Arial,sans-serif;color:#2b2b2b;\">\n\n  <div style=\"text-align:center;margin-bottom:30px;\">\n    <h1 style=\"margin-bottom:10px;font-size:28px;\">Lageplan 2026<\/h1>\n    <p style=\"max-width:820px;margin:0 auto;font-size:16px;line-height:1.5;color:#5a5a5a;\">\n      \u00dcbersicht aller Aussteller nach Bereichen.\n    <\/p>\n  <\/div>\n\n  <div style=\"display:flex;flex-direction:column;gap:24px;\">\n\n    <!-- Bereich 1 -->\n    <div style=\"background:#f7f7f5;border-radius:14px;padding:22px;\">\n      <h2 style=\"margin:0 0 8px 0;font-size:20px;\">Aula (Bereich 1)<\/h2>\n      <img class=\"lazyload\" decoding=\"async\" src=\"data:image\/svg+xml,%3Csvg%20xmlns%3D%27http%3A%2F%2Fwww.w3.org%2F2000%2Fsvg%27%20width%3D%27960%27%20height%3D%27540%27%20viewBox%3D%270%200%20960%20540%27%3E%3Crect%20width%3D%27960%27%20height%3D%27540%27%20fill-opacity%3D%220%22%2F%3E%3C%2Fsvg%3E\" data-orig-src=\"https:\/\/fachkraefteallianz-nr.de\/wp-content\/uploads\/2026\/04\/Lageplan-1.jpg\" style=\"width:100%;border-radius:10px;margin-bottom:16px;\">\n      <div style=\"column-count:2;column-gap:30px;font-size:15px;line-height:1.6;\">\n        <ol style=\"margin:0;padding-left:18px;\">\n          <li>Lohmann & Rauscher<\/li>\n          <li>Sauer & Knorr<\/li>\n          <li>Evangelisches Krankenhaus Dierdorf\/Selters<\/li>\n          <li>B. Braun Gesundheitsservice<\/li>\n          <li>66 Minuten<\/li>\n          <li>Evangelische Sozialstation Stra\u00dfenhaus<\/li>\n          <li>Heinrich Haus<\/li>\n          <li>GSD Seniorenheime Oberbieber<\/li>\n          <li>Korian Seniorenzentrum<\/li>\n          <li>BBS Alice Salomon Schule<\/li>\n          <li>Dr. Schmidt und Partner<\/li>\n          <li>VR Bank RheinAhrEifel<\/li>\n          <li>DRK Rettungsdienst<\/li>\n          <li>Steuerberater-Kammer RLP<\/li>\n          <li>Finanzamt Neuwied<\/li>\n          <li>Hauptzollamt<\/li>\n          <li>Debeka<\/li>\n          <li>Sparkasse Neuwied<\/li>\n        <\/ol>\n      <\/div>\n    <\/div>\n\n    <!-- Bereich 2+3 -->\n    <div style=\"background:#f7f7f5;border-radius:14px;padding:22px;\">\n      <h2 style=\"margin:0 0 8px 0;font-size:20px;\">Aula (Bereiche 2 und 3)<\/h2>\n      <img class=\"lazyload\" decoding=\"async\" src=\"data:image\/svg+xml,%3Csvg%20xmlns%3D%27http%3A%2F%2Fwww.w3.org%2F2000%2Fsvg%27%20width%3D%27960%27%20height%3D%27540%27%20viewBox%3D%270%200%20960%20540%27%3E%3Crect%20width%3D%27960%27%20height%3D%27540%27%20fill-opacity%3D%220%22%2F%3E%3C%2Fsvg%3E\" data-orig-src=\"https:\/\/fachkraefteallianz-nr.de\/wp-content\/uploads\/2026\/04\/Lageplan2.jpg\" style=\"width:100%;border-radius:10px;margin-bottom:16px;\">\n      \n      <div style=\"display:grid;grid-template-columns:1fr 1fr;gap:20px;font-size:15px;\">\n        <div>\n          <strong>Bereich 2<\/strong>\n          <ol start=\"19\" style=\"padding-left:18px;\">\n            <li>Agentur f\u00fcr Arbeit<\/li>\n            <li>Jobcenter<\/li>\n            <li>Kreisverwaltung Neuwied<\/li>\n            <li>Stadtverwaltung Neuwied<\/li>\n          <\/ol>\n        <\/div>\n        <div>\n          <strong>Bereich 3<\/strong>\n          <ol start=\"23\" style=\"padding-left:18px;\">\n            <li>dm drogerie markt<\/li>\n            <li>Norma<\/li>\n            <li>Stiftung Bildung<\/li>\n            <li>Edeka<\/li>\n          <\/ol>\n        <\/div>\n      <\/div>\n    <\/div>\n\n    <!-- Bereich 4 -->\n    <div style=\"background:#f7f7f5;border-radius:14px;padding:22px;\">\n      <h2 style=\"margin:0 0 8px 0;font-size:20px;\">Gro\u00dfer Schulhof (Bereich 4)<\/h2>\n      <img class=\"lazyload\" decoding=\"async\" src=\"data:image\/svg+xml,%3Csvg%20xmlns%3D%27http%3A%2F%2Fwww.w3.org%2F2000%2Fsvg%27%20width%3D%27960%27%20height%3D%27540%27%20viewBox%3D%270%200%20960%20540%27%3E%3Crect%20width%3D%27960%27%20height%3D%27540%27%20fill-opacity%3D%220%22%2F%3E%3C%2Fsvg%3E\" data-orig-src=\"https:\/\/fachkraefteallianz-nr.de\/wp-content\/uploads\/2026\/04\/Lageplan3.jpg\" style=\"width:100%;border-radius:10px;margin-bottom:16px;\">\n      <div style=\"column-count:2;column-gap:30px;font-size:15px;line-height:1.6;\">\n        <ol start=\"27\" style=\"padding-left:18px;\">\n          <li>IHK Koblenz<\/li>\n          <li>Infopoint<\/li>\n          <li>David-Roentgen-Schule<\/li>\n          <li>Hochschule Koblenz<\/li>\n          <li>Huber Parking<\/li>\n          <li>MEPA<\/li>\n          <li>LTS<\/li>\n          <li>Polizeiinspektion Neuwied<\/li>\n          <li>Birkenstock<\/li>\n          <li>Compu Group<\/li>\n          <li>Novelis<\/li>\n          <li>Meta Trennwandanlagen<\/li>\n          <li>Dr. Boy<\/li>\n          <li>W. Schmitt Feuerwehrtechnik<\/li>\n          <li>KWL Blechverarbeitung<\/li>\n          <li>Presto Humus<\/li>\n          <li>AGO Stahlbau<\/li>\n          <li>Dyckerhoff<\/li>\n          <li>Haus Rabenhorst<\/li>\n          <li>Kriminalinspektion Neuwied<\/li>\n          <li>Bundeswehr<\/li>\n          <li>Bundespolizei<\/li>\n          <li>Hack<\/li>\n          <li>Mets\u00e4 Tissue<\/li>\n          <li>Van Roje<\/li>\n          <li>Koch Industrieanlagen<\/li>\n          <li>Basalt-Actien-Gesellschaft<\/li>\n          <li>Wirtgen<\/li>\n          <li>Raiffeisendruckerei<\/li>\n          <li>Stadtwerke Neuwied<\/li>\n          <li>Tesla<\/li>\n          <li>Thyssenkrupp-Rasselstein<\/li>\n          <li>Steuler<\/li>\n          <li>Dachser Logistik<\/li>\n          <li>voestalpine Signaling<\/li>\n          <li>Eaton Industries<\/li>\n          <li>St\u00fcrtz Maschinenbau<\/li>\n          <li>Skylotec<\/li>\n          <li>Niedax<\/li>\n          <li>BW Converting<\/li>\n          <li>Winkler und D\u00fcnnebier S\u00fc\u00dfwarenmaschinen<\/li>\n          <li>Sch\u00fctz<\/li>\n          <li>Hyfra Industriek\u00fchlanlagen<\/li>\n        <\/ol>\n      <\/div>\n    <\/div>\n\n    <!-- Bereich 5 -->\n    <div style=\"background:#f7f7f5;border-radius:14px;padding:22px;\">\n      <h2 style=\"margin:0 0 8px 0;font-size:20px;\">Kleiner Schulhof (Bereich 5)<\/h2>\n      <img class=\"lazyload\" decoding=\"async\" src=\"data:image\/svg+xml,%3Csvg%20xmlns%3D%27http%3A%2F%2Fwww.w3.org%2F2000%2Fsvg%27%20width%3D%27960%27%20height%3D%27540%27%20viewBox%3D%270%200%20960%20540%27%3E%3Crect%20width%3D%27960%27%20height%3D%27540%27%20fill-opacity%3D%220%22%2F%3E%3C%2Fsvg%3E\" data-orig-src=\"https:\/\/fachkraefteallianz-nr.de\/wp-content\/uploads\/2026\/04\/Lageplan4.jpg\" style=\"width:100%;border-radius:10px;margin-bottom:16px;\">\n      <div style=\"column-count:2;column-gap:30px;font-size:15px;line-height:1.6;\">\n        <ol start=\"70\" style=\"padding-left:18px;\">\n          <li>Sebastian Hoppen Kunstschmiede<\/li>\n          <li>Limbach<\/li>\n          <li>Alfred Horn<\/li>\n          <li>Merbag<\/li>\n          <li>POS Polsterservice<\/li>\n          <li>Nalbach & Hinkel<\/li>\n          <li>Meier Haustechnik<\/li>\n          <li>Baugewerks-Innung<\/li>\n          <li>Mertgen<\/li>\n          <li>Strabag<\/li>\n          <li>NM Stahlger\u00e4te<\/li>\n          <li>Rheinisches Bildungszentrum<\/li>\n          <li>Marienhaus<\/li>\n          <li>Zoo Neuwied<\/li>\n          <li>Food Hotel<\/li>\n          <li>B\u00e4ckerei Lohner<\/li>\n          <li>Schornsteinfegerinnung Koblenz<\/li>\n          <li>Becker K\u00e4lte- und Klimatechnik<\/li>\n          <li>Sanit\u00e4r-, Heizung- und Klimatechnik-Innung<\/li>\n          <li>Kreishandwerkerschaft & Handwerkskammer<\/li>\n        <\/ol>\n      <\/div>\n    <\/div>\n\n    <!-- Bereich 6 -->\n    <div style=\"background:#f7f7f5;border-radius:14px;padding:22px;\">\n      <h2 style=\"margin:0 0 8px 0;font-size:20px;\">Kleiner Schulhof (Bereich 6)<\/h2>\n      <img class=\"lazyload\" decoding=\"async\" src=\"data:image\/svg+xml,%3Csvg%20xmlns%3D%27http%3A%2F%2Fwww.w3.org%2F2000%2Fsvg%27%20width%3D%27960%27%20height%3D%27540%27%20viewBox%3D%270%200%20960%20540%27%3E%3Crect%20width%3D%27960%27%20height%3D%27540%27%20fill-opacity%3D%220%22%2F%3E%3C%2Fsvg%3E\" data-orig-src=\"https:\/\/fachkraefteallianz-nr.de\/wp-content\/uploads\/2026\/04\/Lageplan5.jpg\" style=\"width:100%;border-radius:10px;margin-bottom:16px;\">\n      <ol start=\"90\" style=\"padding-left:18px;font-size:15px;\">\n        <li>Landes-Innungsverband Dachdecker<\/li>\n        <li>Dachdecker-Innung<\/li>\n      <\/ol>\n    <\/div>\n\n  <\/div>\n\n\n\n<\/section><\/div><\/div><div class=\"fusion-layout-column fusion_builder_column fusion-builder-column-1 awb-sticky awb-sticky-small awb-sticky-medium awb-sticky-large fusion_builder_column_1_3 1_3 fusion-flex-column fusion-animated\" style=\"--awb-padding-bottom:160px;--awb-bg-size:cover;--awb-width-large:33.333333333333%;--awb-margin-top-large:0px;--awb-spacing-right-large:40px;--awb-margin-bottom-large:0px;--awb-spacing-left-large:0px;--awb-width-medium:40%;--awb-order-medium:0;--awb-spacing-right-medium:40px;--awb-spacing-left-medium:0px;--awb-width-small:100%;--awb-order-small:0;--awb-spacing-right-small:40px;--awb-spacing-left-small:40px;--awb-sticky-offset:70px;\" data-animationType=\"fadeInUp\" data-animationDuration=\"0.8\" data-animationOffset=\"top-into-view\"><div class=\"fusion-column-wrapper fusion-column-has-shadow fusion-flex-justify-content-flex-start fusion-content-layout-column\"><div class=\"fusion-image-element \" style=\"--awb-aspect-ratio:1 \/ 1;--awb-object-position:47% 100%;--awb-mask-url: url(https:\/\/fachkraefteallianz-nr.de\/wp-content\/plugins\/fusion-builder\/\/assets\/images\/masks\/mask-14.svg);--awb-mask-position: top right;--awb-caption-title-size:var(--h2_typography-font-size);--awb-caption-title-transform:var(--h2_typography-text-transform);--awb-caption-title-line-height:var(--h2_typography-line-height);--awb-caption-title-letter-spacing:var(--h2_typography-letter-spacing);\"><span class=\" fusion-imageframe imageframe-none imageframe-1 hover-type-none has-mask has-aspect-ratio\"><img decoding=\"async\" width=\"2560\" height=\"1080\" title=\"Panoramic teamwork business join hand together concept, Business\" src=\"https:\/\/fachkraefteallianz-nr.de\/wp-content\/uploads\/2023\/02\/AdobeStock_301970826-scaled.jpeg\" data-orig-src=\"https:\/\/fachkraefteallianz-nr.de\/wp-content\/uploads\/2023\/02\/AdobeStock_301970826-scaled.jpeg\" class=\"lazyload img-responsive wp-image-2178 img-with-aspect-ratio\" alt srcset=\"data:image\/svg+xml,%3Csvg%20xmlns%3D%27http%3A%2F%2Fwww.w3.org%2F2000%2Fsvg%27%20width%3D%272560%27%20height%3D%271080%27%20viewBox%3D%270%200%202560%201080%27%3E%3Crect%20width%3D%272560%27%20height%3D%271080%27%20fill-opacity%3D%220%22%2F%3E%3C%2Fsvg%3E\" data-srcset=\"https:\/\/fachkraefteallianz-nr.de\/wp-content\/uploads\/2023\/02\/AdobeStock_301970826-200x84.jpeg 200w, https:\/\/fachkraefteallianz-nr.de\/wp-content\/uploads\/2023\/02\/AdobeStock_301970826-400x169.jpeg 400w, https:\/\/fachkraefteallianz-nr.de\/wp-content\/uploads\/2023\/02\/AdobeStock_301970826-600x253.jpeg 600w, https:\/\/fachkraefteallianz-nr.de\/wp-content\/uploads\/2023\/02\/AdobeStock_301970826-800x337.jpeg 800w, https:\/\/fachkraefteallianz-nr.de\/wp-content\/uploads\/2023\/02\/AdobeStock_301970826-1200x506.jpeg 1200w, https:\/\/fachkraefteallianz-nr.de\/wp-content\/uploads\/2023\/02\/AdobeStock_301970826-scaled.jpeg 2560w\" data-sizes=\"auto\" data-orig-sizes=\"(max-width: 700px) 100vw, 400px\" \/><\/span><\/div><div style=\"text-align:center;\"><a class=\"fusion-button button-flat fusion-button-default-size button-custom fusion-button-default button-1 fusion-button-default-span fusion-button-default-type\" style=\"--button_accent_color:var(--awb-color1);--button_accent_hover_color:var(--awb-color1);--button_border_hover_color:var(--awb-color1);--button_gradient_top_color:#0f2385;--button_gradient_bottom_color:#0f2385;--button_gradient_top_color_hover:var(--awb-color3);--button_gradient_bottom_color_hover:var(--awb-color3);\" target=\"_blank\" rel=\"noopener noreferrer\" href=\"https:\/\/fachkraefteallianz-nr.de\/wp-content\/uploads\/2026\/04\/Ausssteleruebersicht.pdf\"><i class=\"fa-file-pdf fas button-icon-left\" aria-hidden=\"true\"><\/i><span class=\"fusion-button-text\">Aussteller\u00fcbersicht<\/span><\/a><\/div><\/div><\/div><\/div><\/div><\/div>\n","protected":false},"excerpt":{"rendered":"","protected":false},"author":1,"featured_media":0,"parent":0,"menu_order":0,"comment_status":"closed","ping_status":"closed","template":"100-width.php","meta":{"footnotes":""},"class_list":["post-3016","page","type-page","status-publish","hentry"],"acf":[],"_links":{"self":[{"href":"https:\/\/fachkraefteallianz-nr.de\/index.php\/wp-json\/wp\/v2\/pages\/3016","targetHints":{"allow":["GET"]}}],"collection":[{"href":"https:\/\/fachkraefteallianz-nr.de\/index.php\/wp-json\/wp\/v2\/pages"}],"about":[{"href":"https:\/\/fachkraefteallianz-nr.de\/index.php\/wp-json\/wp\/v2\/types\/page"}],"author":[{"embeddable":true,"href":"https:\/\/fachkraefteallianz-nr.de\/index.php\/wp-json\/wp\/v2\/users\/1"}],"replies":[{"embeddable":true,"href":"https:\/\/fachkraefteallianz-nr.de\/index.php\/wp-json\/wp\/v2\/comments?post=3016"}],"version-history":[{"count":5,"href":"https:\/\/fachkraefteallianz-nr.de\/index.php\/wp-json\/wp\/v2\/pages\/3016\/revisions"}],"predecessor-version":[{"id":3028,"href":"https:\/\/fachkraefteallianz-nr.de\/index.php\/wp-json\/wp\/v2\/pages\/3016\/revisions\/3028"}],"wp:attachment":[{"href":"https:\/\/fachkraefteallianz-nr.de\/index.php\/wp-json\/wp\/v2\/media?parent=3016"}],"curies":[{"name":"wp","href":"https:\/\/api.w.org\/{rel}","templated":true}]}}