{"id":2556,"date":"2023-02-20T13:35:24","date_gmt":"2023-02-20T12:35:24","guid":{"rendered":"http:\/\/fachkraefteallianz-nr.de\/index.php\/kalender-2\/"},"modified":"2024-07-04T11:35:08","modified_gmt":"2024-07-04T09:35:08","slug":"datenschutz","status":"publish","type":"page","link":"https:\/\/fachkraefteallianz-nr.de\/index.php\/datenschutz\/","title":{"rendered":"DATENSCHUTZ"},"content":{"rendered":"<div class=\"fusion-fullwidth fullwidth-box fusion-builder-row-1 fusion-flex-container nonhundred-percent-fullwidth non-hundred-percent-height-scrolling\" style=\"--awb-border-radius-top-left:0px;--awb-border-radius-top-right:0px;--awb-border-radius-bottom-right:0px;--awb-border-radius-bottom-left:0px;\" ><div class=\"fusion-builder-row fusion-row fusion-flex-align-items-flex-start\" style=\"max-width:1248px;margin-left: calc(-4% \/ 2 );margin-right: calc(-4% \/ 2 );\"><div class=\"fusion-layout-column fusion_builder_column fusion-builder-column-0 fusion_builder_column_1_1 1_1 fusion-flex-column\" style=\"--awb-bg-size:cover;--awb-width-large:100%;--awb-margin-top-large:0px;--awb-spacing-right-large:1.92%;--awb-margin-bottom-large:0px;--awb-spacing-left-large:1.92%;--awb-width-medium:100%;--awb-spacing-right-medium:1.92%;--awb-spacing-left-medium:1.92%;--awb-width-small:100%;--awb-spacing-right-small:1.92%;--awb-spacing-left-small:1.92%;\"><div class=\"fusion-column-wrapper fusion-flex-justify-content-flex-start fusion-content-layout-column\"><div class=\"fusion-text fusion-text-1\"><h3 data-fontsize=\"37\" data-lineheight=\"44.400002px\" class=\"fusion-responsive-typography-calculated\" style=\"--fontSize: 37; line-height: 1.2;\">Datenschutzerkl\u00e4rung<\/h3>\n<h3 data-fontsize=\"37\" data-lineheight=\"44.400002px\" class=\"fusion-responsive-typography-calculated\" style=\"--fontSize: 37; line-height: 1.2;\">1. Datenschutz auf einen Blick<\/h3>\n<h4 data-fontsize=\"28.43\" data-lineheight=\"39.802002px\" class=\"fusion-responsive-typography-calculated\" style=\"--fontSize: 28.43; line-height: 1.4;\">Allgemeine Hinweise<\/h4>\n<p>Die folgenden Hinweise geben einen einfachen \u00dcberblick dar\u00fcber, was mit Ihren personenbezogenen Daten passiert, wenn Sie unsere Website besuchen. Personenbezogene Daten sind alle Daten, mit denen Sie pers\u00f6nlich identifiziert werden k\u00f6nnen. Ausf\u00fchrliche Informationen zum Thema Datenschutz entnehmen Sie unserer unter diesem Text aufgef\u00fchrten Datenschutzerkl\u00e4rung.<\/p>\n<h4 data-fontsize=\"28.43\" data-lineheight=\"39.802002px\" class=\"fusion-responsive-typography-calculated\" style=\"--fontSize: 28.43; line-height: 1.4;\">Datenerfassung auf unserer Website<\/h4>\n<p><strong>Wer ist verantwortlich f\u00fcr die Datenerfassung auf dieser Website?<\/strong><\/p>\n<p>Die Datenverarbeitung auf dieser Website erfolgt durch den Websitebetreiber. Dessen Kontaktdaten k\u00f6nnen Sie dem Impressum dieser Website entnehmen.<\/p>\n<p><strong>Wie erfassen wir Ihre Daten?<\/strong><\/p>\n<p>Ihre Daten werden zum einen dadurch erhoben, dass Sie uns diese mitteilen. Hierbei kann es sich z.B. um Daten handeln, die Sie in ein Kontaktformular eingeben.<\/p>\n<p>Andere Daten werden automatisch beim Besuch der Website durch unsere IT-Systeme erfasst. Das sind vor allem technische Daten (z.B. Internetbrowser, Betriebssystem oder Uhrzeit des Seitenaufrufs). Die Erfassung dieser Daten erfolgt automatisch, sobald Sie unsere Website betreten.<\/p>\n<p><strong>Wof\u00fcr nutzen wir Ihre Daten?<\/strong><\/p>\n<p>Ein Teil der Daten wird erhoben, um eine fehlerfreie Bereitstellung der Website zu gew\u00e4hrleisten. Andere Daten k\u00f6nnen zur Analyse Ihres Nutzerverhaltens verwendet werden.<\/p>\n<p><strong>Welche Rechte haben Sie bez\u00fcglich Ihrer Daten?<\/strong><\/p>\n<p>Sie haben jederzeit das Recht unentgeltlich Auskunft \u00fcber Herkunft, Empf\u00e4nger und Zweck Ihrer gespeicherten personenbezogenen Daten zu erhalten. Sie haben au\u00dferdem ein Recht, die Berichtigung, Sperrung oder L\u00f6schung dieser Daten zu verlangen. Hierzu sowie zu weiteren Fragen zum Thema Datenschutz k\u00f6nnen Sie sich jederzeit unter der im Impressum angegebenen Adresse an uns wenden. Des Weiteren steht Ihnen ein Beschwerderecht bei der zust\u00e4ndigen Aufsichtsbeh\u00f6rde zu.<\/p>\n<h3 data-fontsize=\"37\" data-lineheight=\"44.400002px\" class=\"fusion-responsive-typography-calculated\" style=\"--fontSize: 37; line-height: 1.2;\">Analyse-Tools und Tools von Drittanbietern<\/h3>\n<p>Beim Besuch unserer Website kann Ihr Surf-Verhalten statistisch ausgewertet werden. Das geschieht vor allem mit Cookies und mit sogenannten Analyseprogrammen. Die Analyse Ihres Surf-Verhaltens erfolgt in der Regel anonym; das Surf-Verhalten kann nicht zu Ihnen zur\u00fcckverfolgt werden. Sie k\u00f6nnen dieser Analyse widersprechen oder sie durch die Nichtbenutzung bestimmter Tools verhindern. Detaillierte Informationen dazu finden Sie in der folgenden Datenschutzerkl\u00e4rung.<\/p>\n<p>Sie k\u00f6nnen dieser Analyse widersprechen. \u00dcber die Widerspruchsm\u00f6glichkeiten werden wir Sie in dieser Datenschutzerkl\u00e4rung informieren.<\/p>\n<h4 data-fontsize=\"28.43\" data-lineheight=\"39.802002px\" class=\"fusion-responsive-typography-calculated\" style=\"--fontSize: 28.43; line-height: 1.4;\">2. Allgemeine Hinweise und Pflichtinformationen<\/h4>\n<h3 data-fontsize=\"37\" data-lineheight=\"44.400002px\" class=\"fusion-responsive-typography-calculated\" style=\"--fontSize: 37; line-height: 1.2;\">Datenschutz<\/h3>\n<p>Die Betreiber dieser Seiten nehmen den Schutz Ihrer pers\u00f6nlichen Daten sehr ernst. Wir behandeln Ihre personenbezogenen Daten vertraulich und entsprechend der gesetzlichen Datenschutzvorschriften sowie dieser Datenschutzerkl\u00e4rung.<\/p>\n<p>Wenn Sie diese Website benutzen, werden verschiedene personenbezogene Daten erhoben. Personenbezogene Daten sind Daten, mit denen Sie pers\u00f6nlich identifiziert werden k\u00f6nnen. Die vorliegende Datenschutzerkl\u00e4rung erl\u00e4utert, welche Daten wir erheben und wof\u00fcr wir sie nutzen. Sie erl\u00e4utert auch, wie und zu welchem Zweck das geschieht.<\/p>\n<p>Wir weisen darauf hin, dass die Daten\u00fcbertragung im Internet (z.B. bei der Kommunikation per E-Mail) Sicherheitsl\u00fccken aufweisen kann. Ein l\u00fcckenloser Schutz der Daten vor dem Zugriff durch Dritte ist nicht m\u00f6glich.<\/p>\n<h3 data-fontsize=\"37\" data-lineheight=\"44.400002px\" class=\"fusion-responsive-typography-calculated\" style=\"--fontSize: 37; line-height: 1.2;\">Hinweis zur verantwortlichen Stelle<\/h3>\n<p>Die verantwortliche Stelle f\u00fcr die Datenverarbeitung auf dieser Website ist:<\/p>\n<p>Wirtschaftsf\u00f6rderung<br \/>im Landkreis Neuwied GmbH<br \/>Marktstra\u00dfe 80<br \/>56564 Neuwied<\/p>\n<p>Telefon: 02631 282-12<br \/>E-Mail: <span id=\"cloak5f35a22b9cf4aa9e3d8c9a4dde7209e8\"><a href=\"mailto:info@wfg-nr.de\">info@wfg-nr.de<\/a><\/span><\/p>\n<p>Verantwortliche Stelle ist die nat\u00fcrliche oder juristische Person, die allein oder gemeinsam mit anderen \u00fcber die Zwecke und Mittel der Verarbeitung von personenbezogenen Daten (z.B. Namen, E-Mail-Adressen o. \u00c4.) entscheidet.<\/p>\n<h3 data-fontsize=\"37\" data-lineheight=\"44.400002px\" class=\"fusion-responsive-typography-calculated\" style=\"--fontSize: 37; line-height: 1.2;\">Widerruf Ihrer Einwilligung zur Datenverarbeitung<\/h3>\n<p>Viele Datenverarbeitungsvorg\u00e4nge sind nur mit Ihrer ausdr\u00fccklichen Einwilligung m\u00f6glich. Sie k\u00f6nnen eine bereits erteilte Einwilligung jederzeit widerrufen. Dazu reicht eine formlose Mitteilung per E-Mail an uns. Die Rechtm\u00e4\u00dfigkeit der bis zum Widerruf erfolgten Datenverarbeitung bleibt vom Widerruf unber\u00fchrt.<\/p>\n<h3 data-fontsize=\"37\" data-lineheight=\"44.400002px\" class=\"fusion-responsive-typography-calculated\" style=\"--fontSize: 37; line-height: 1.2;\">Beschwerderecht bei der zust\u00e4ndigen Aufsichtsbeh\u00f6rde<\/h3>\n<p>Im Falle datenschutzrechtlicher Verst\u00f6\u00dfe steht dem Betroffenen ein Beschwerderecht bei der zust\u00e4ndigen Aufsichtsbeh\u00f6rde zu. Zust\u00e4ndige Aufsichtsbeh\u00f6rde in datenschutzrechtlichen Fragen ist der Landesdatenschutzbeauftragte des Bundeslandes, in dem unser Unternehmen seinen Sitz hat. Eine Liste der Datenschutzbeauftragten sowie deren Kontaktdaten k\u00f6nnen folgendem Link entnommen werden: <a href=\"https:\/\/www.bfdi.bund.de\/DE\/Infothek\/Anschriften_Links\/anschriften_links-node.html\" target=\"_blank\" rel=\"noopener\">https:\/\/www.bfdi.bund.de\/DE\/Infothek\/Anschriften_Links\/anschriften_links-node.html<\/a>.<\/p>\n<h3 data-fontsize=\"37\" data-lineheight=\"44.400002px\" class=\"fusion-responsive-typography-calculated\" style=\"--fontSize: 37; line-height: 1.2;\">Recht auf Daten\u00fcbertragbarkeit<\/h3>\n<p>Sie haben das Recht, Daten, die wir auf Grundlage Ihrer Einwilligung oder in Erf\u00fcllung eines Vertrags automatisiert verarbeiten, an sich oder an einen Dritten in einem g\u00e4ngigen, maschinenlesbaren Format aush\u00e4ndigen zu lassen. Sofern Sie die direkte \u00dcbertragung der Daten an einen anderen Verantwortlichen verlangen, erfolgt dies nur, soweit es technisch machbar ist.<\/p>\n<h3 data-fontsize=\"37\" data-lineheight=\"44.400002px\" class=\"fusion-responsive-typography-calculated\" style=\"--fontSize: 37; line-height: 1.2;\">SSL- bzw. TLS-Verschl\u00fcsselung<\/h3>\n<p>Diese Seite nutzt aus Sicherheitsgr\u00fcnden und zum Schutz der \u00dcbertragung vertraulicher Inhalte, wie zum Beispiel Bestellungen oder Anfragen, die Sie an uns als Seitenbetreiber senden, eine SSL-bzw. TLS-Verschl\u00fcsselung. Eine verschl\u00fcsselte Verbindung erkennen Sie daran, dass die Adresszeile des Browsers von \u201chttp:\/\/\u201d auf \u201chttps:\/\/\u201d wechselt und an dem Schloss-Symbol in Ihrer Browserzeile.<\/p>\n<p>Wenn die SSL- bzw. TLS-Verschl\u00fcsselung aktiviert ist, k\u00f6nnen die Daten, die Sie an uns \u00fcbermitteln, nicht von Dritten mitgelesen werden.<\/p>\n<h3 data-fontsize=\"37\" data-lineheight=\"44.400002px\" class=\"fusion-responsive-typography-calculated\" style=\"--fontSize: 37; line-height: 1.2;\">Auskunft, Sperrung, L\u00f6schung<\/h3>\n<p>Sie haben im Rahmen der geltenden gesetzlichen Bestimmungen jederzeit das Recht auf unentgeltliche Auskunft \u00fcber Ihre gespeicherten personenbezogenen Daten, deren Herkunft und Empf\u00e4nger und den Zweck der Datenverarbeitung und ggf. ein Recht auf Berichtigung, Sperrung oder L\u00f6schung dieser Daten. Hierzu sowie zu weiteren Fragen zum Thema personenbezogene Daten k\u00f6nnen Sie sich jederzeit unter der im Impressum angegebenen Adresse an uns wenden.<\/p>\n<h4 data-fontsize=\"28.43\" data-lineheight=\"39.802002px\" class=\"fusion-responsive-typography-calculated\" style=\"--fontSize: 28.43; line-height: 1.4;\">3. Datenerfassung auf unserer Website<\/h4>\n<h3 data-fontsize=\"37\" data-lineheight=\"44.400002px\" class=\"fusion-responsive-typography-calculated\" style=\"--fontSize: 37; line-height: 1.2;\">Cookies<\/h3>\n<p>Die Internetseiten verwenden teilweise so genannte Cookies. Cookies richten auf Ihrem Rechner keinen Schaden an und enthalten keine Viren. Cookies dienen dazu, unser Angebot nutzerfreundlicher, effektiver und sicherer zu machen. Cookies sind kleine Textdateien, die auf Ihrem Rechner abgelegt werden und die Ihr Browser speichert.<\/p>\n<p>Die meisten der von uns verwendeten Cookies sind so genannte \u201cSession-Cookies\u201d. Sie werden nach Ende Ihres Besuchs automatisch gel\u00f6scht. Andere Cookies bleiben auf Ihrem Endger\u00e4t gespeichert bis Sie diese l\u00f6schen. Diese Cookies erm\u00f6glichen es uns, Ihren Browser beim n\u00e4chsten Besuch wiederzuerkennen.<\/p>\n<p>Sie k\u00f6nnen Ihren Browser so einstellen, dass Sie \u00fcber das Setzen von Cookies informiert werden und Cookies nur im Einzelfall erlauben, die Annahme von Cookies f\u00fcr bestimmte F\u00e4lle oder generell ausschlie\u00dfen sowie das automatische L\u00f6schen der Cookies beim Schlie\u00dfen des Browser aktivieren. Bei der Deaktivierung von Cookies kann die Funktionalit\u00e4t dieser Website eingeschr\u00e4nkt sein.<\/p>\n<p>Cookies, die zur Durchf\u00fchrung des elektronischen Kommunikationsvorgangs oder zur Bereitstellung bestimmter, von Ihnen erw\u00fcnschter Funktionen (z.B. Warenkorbfunktion) erforderlich sind, werden auf Grundlage von Art. 6 Abs. 1 lit. f DSGVO gespeichert. Der Websitebetreiber hat ein berechtigtes Interesse an der Speicherung von Cookies zur technisch fehlerfreien und optimierten Bereitstellung seiner Dienste. Soweit andere Cookies (z.B. Cookies zur Analyse Ihres Surfverhaltens) gespeichert werden, werden diese in dieser Datenschutzerkl\u00e4rung gesondert behandelt.<\/p>\n<h3 data-fontsize=\"37\" data-lineheight=\"44.400002px\" class=\"fusion-responsive-typography-calculated\" style=\"--fontSize: 37; line-height: 1.2;\">Server-Log-Dateien<\/h3>\n<p>Der Provider der Seiten erhebt und speichert automatisch Informationen in so genannten Server-Log-Dateien, die Ihr Browser automatisch an uns \u00fcbermittelt. Dies sind:<\/p>\n<ul>\n<li>Browsertyp und Browserversion<\/li>\n<li>verwendetes Betriebssystem<\/li>\n<li>Referrer URL<\/li>\n<li>Hostname des zugreifenden Rechners<\/li>\n<li>Uhrzeit der Serveranfrage<\/li>\n<li>IP-Adresse<\/li>\n<\/ul>\n<p>Eine Zusammenf\u00fchrung dieser Daten mit anderen Datenquellen wird nicht vorgenommen.<\/p>\n<p>Grundlage f\u00fcr die Datenverarbeitung ist Art. 6 Abs. 1 lit. b DSGVO, der die Verarbeitung von Daten zur Erf\u00fcllung eines Vertrags oder vorvertraglicher Ma\u00dfnahmen gestattet.<\/p>\n<h4 data-fontsize=\"28.43\" data-lineheight=\"39.802002px\" class=\"fusion-responsive-typography-calculated\" style=\"--fontSize: 28.43; line-height: 1.4;\">4. Analyse Tools und Werbung<\/h4>\n<h3 data-fontsize=\"37\" data-lineheight=\"44.400002px\" class=\"fusion-responsive-typography-calculated\" style=\"--fontSize: 37; line-height: 1.2;\">Google Analytics<\/h3>\n<p>Diese Website nutzt Funktionen des Webanalysedienstes Google Analytics. Anbieter ist die Google Inc., 1600 Amphitheatre Parkway, Mountain View, CA 94043, USA.<\/p>\n<p>Google Analytics verwendet so genannte &#8222;Cookies&#8220;. Das sind Textdateien, die auf Ihrem Computer gespeichert werden und die eine Analyse der Benutzung der Website durch Sie erm\u00f6glichen. Die durch den Cookie erzeugten Informationen \u00fcber Ihre Benutzung dieser Website werden in der Regel an einen Server von Google in den USA \u00fcbertragen und dort gespeichert.<\/p>\n<p>Die Speicherung von Google-Analytics-Cookies erfolgt auf Grundlage von Art. 6 Abs. 1 lit. f DSGVO. Der Websitebetreiber hat ein berechtigtes Interesse an der Analyse des Nutzerverhaltens, um sowohl sein Webangebot als auch seine Werbung zu optimieren.<\/p>\n<p><strong>IP Anonymisierung<\/strong><\/p>\n<p>Wir haben auf dieser Website die Funktion IP-Anonymisierung aktiviert. Dadurch wird Ihre IP-Adresse von Google innerhalb von Mitgliedstaaten der Europ\u00e4ischen Union oder in anderen Vertragsstaaten des Abkommens \u00fcber den Europ\u00e4ischen Wirtschaftsraum vor der \u00dcbermittlung in die USA gek\u00fcrzt. Nur in Ausnahmef\u00e4llen wird die volle IP-Adresse an einen Server von Google in den USA \u00fcbertragen und dort gek\u00fcrzt. Im Auftrag des Betreibers dieser Website wird Google diese Informationen benutzen, um Ihre Nutzung der Website auszuwerten, um Reports \u00fcber die Websiteaktivit\u00e4ten zusammenzustellen und um weitere mit der Websitenutzung und der Internetnutzung verbundene Dienstleistungen gegen\u00fcber dem Websitebetreiber zu erbringen. Die im Rahmen von Google Analytics von Ihrem Browser \u00fcbermittelte IP-Adresse wird nicht mit anderen Daten von Google zusammengef\u00fchrt.<\/p>\n<p><strong>Browser Plugin<\/strong><\/p>\n<p>Sie k\u00f6nnen die Speicherung der Cookies durch eine entsprechende Einstellung Ihrer Browser-Software verhindern; wir weisen Sie jedoch darauf hin, dass Sie in diesem Fall gegebenenfalls nicht s\u00e4mtliche Funktionen dieser Website vollumf\u00e4nglich werden nutzen k\u00f6nnen. Sie k\u00f6nnen dar\u00fcber hinaus die Erfassung der durch den Cookie erzeugten und auf Ihre Nutzung der Website bezogenen Daten (inkl. Ihrer IP-Adresse) an Google sowie die Verarbeitung dieser Daten durch Google verhindern, indem Sie das unter dem folgenden Link verf\u00fcgbare Browser-Plugin herunterladen und installieren: <a href=\"https:\/\/tools.google.com\/dlpage\/gaoptout?hl=de\" target=\"_blank\" rel=\"noopener\">https:\/\/tools.google.com\/dlpage\/gaoptout?hl=de<\/a>.<\/p>\n<p><strong>Widerspruch gegen Datenerfassung<\/strong><\/p>\n<p>Sie k\u00f6nnen die Erfassung Ihrer Daten durch Google Analytics verhindern, indem Sie auf folgenden Link klicken. Es wird ein Opt-Out-Cookie gesetzt, der die Erfassung Ihrer Daten bei zuk\u00fcnftigen Besuchen dieser Website verhindert: <a href=\"https:\/\/www.wfg-nr.de\/datenschutzerklaerung#\" data-gaoptout=\"\">Google Analytics deaktivieren<\/a>.<\/p>\n<p>Mehr Informationen zum Umgang mit Nutzerdaten bei Google Analytics finden Sie in der Datenschutzerkl\u00e4rung von Google: <a href=\"https:\/\/support.google.com\/analytics\/answer\/6004245?hl=de\" target=\"_blank\" rel=\"noopener\">https:\/\/support.google.com\/analytics\/answer\/6004245?hl=de<\/a>.<\/p>\n<p><strong>Auftragsdatenverarbeitung<\/strong><\/p>\n<p>Wir haben mit Google einen Vertrag zur Auftragsdatenverarbeitung abgeschlossen und setzen die strengen Vorgaben der deutschen Datenschutzbeh\u00f6rden bei der Nutzung von Google Analytics vollst\u00e4ndig um.<\/p>\n<h4 data-fontsize=\"28.43\" data-lineheight=\"39.802002px\" class=\"fusion-responsive-typography-calculated\" style=\"--fontSize: 28.43; line-height: 1.4;\">5. Plugins und Tools<\/h4>\n<h3 data-fontsize=\"37\" data-lineheight=\"44.400002px\" class=\"fusion-responsive-typography-calculated\" style=\"--fontSize: 37; line-height: 1.2;\">Google Web Fonts (lokales Hosting)<\/h3>\n<p>Diese Seite nutzt zur einheitlichen Darstellung von Schriftarten so genannte Web Fonts, die von Google bereitgestellt werden. Die Google Fonts sind lokal installiert. Eine Verbindung zu Servern von Google findet dabei nicht statt.<\/p>\n<p>Weitere Informationen zu Google Web Fonts finden Sie unter <a href=\"https:\/\/developers.1d5920f4b44b27a802bd77c4f0536f5a-gdprlock\/fonts\/faq\">https:\/\/developers.1d5920f4b44b27a802bd77c4f0536f5a-gdprlock\/fonts\/faq<\/a> und in der Datenschutzerkl\u00e4rung von Google: <a href=\"https:\/\/policies.1d5920f4b44b27a802bd77c4f0536f5a-gdprlock\/privacy?hl=de\">https:\/\/policies.1d5920f4b44b27a802bd77c4f0536f5a-gdprlock\/privacy?hl=de<\/a>.<\/p>\n<h3 data-fontsize=\"37\" data-lineheight=\"44.400002px\" class=\"fusion-responsive-typography-calculated\" style=\"--fontSize: 37; line-height: 1.2;\">Google Maps<\/h3>\n<p>Diese Seite nutzt \u00fcber eine API den Kartendienst Google Maps. Anbieter ist die Google Inc., 1600 Amphitheatre Parkway, Mountain View, CA 94043, USA.<\/p>\n<p>Zur Nutzung der Funktionen von Google Maps ist es notwendig, Ihre IP Adresse zu speichern. Diese Informationen werden in der Regel an einen Server von Google in den USA \u00fcbertragen und dort gespeichert. Der Anbieter dieser Seite hat keinen Einfluss auf diese Daten\u00fcbertragung.<\/p>\n<p>Die Nutzung von Google Maps erfolgt im Interesse einer ansprechenden Darstellung unserer Online-Angebote und an einer leichten Auffindbarkeit der von uns auf der Website angegebenen Orte. Dies stellt ein berechtigtes Interesse im Sinne von Art. 6 Abs. 1 lit. f DSGVO dar.<\/p>\n<p>Mehr Informationen zum Umgang mit Nutzerdaten finden Sie in der Datenschutzerkl\u00e4rung von Google: <a href=\"https:\/\/www.google.de\/intl\/de\/policies\/privacy\/\" target=\"_blank\" rel=\"noopener\">https:\/\/www.google.de\/intl\/de\/policies\/privacy\/<\/a>.<\/p>\n<h4 data-fontsize=\"28.43\" data-lineheight=\"39.802002px\" class=\"fusion-responsive-typography-calculated\" style=\"--fontSize: 28.43; line-height: 1.4;\">6. <span style=\"font-family: var(--awb-text-font-family); font-size: var(--awb-font-size); font-style: var(--awb-text-font-style); font-weight: var(--awb-text-font-weight); letter-spacing: var(--awb-letter-spacing); text-align: var(--awb-content-alignment); text-transform: var(--awb-text-transform);\">Datenschutzhinweise f\u00fcr Social-Media-Auftritte (META)<\/span><\/h4>\n<p>Vielen Dank f\u00fcr Ihr Interesse an unseren Social-Media-Auftritten. Der Schutz Ihrer pers\u00f6nlichen Daten ist uns ein wichtiges Anliegen. Im Folgenden m\u00f6chten wir Sie \u00fcber die Verarbeitung Ihrer personenbezogenen Daten im Zusammenhang mit der Nutzung unserer Social-Media-Seiten auf Facebook und Instagram informieren.<\/p>\n<p>Die Wirtschaftsf\u00f6rderung Neuwied greift f\u00fcr diesen Informationsdienst auf die technische Plattform und die Dienste der META Platforms Ireland Ltd., 4 Grand Canal Square, Grand Canal Harbour, Dublin 2, Ireland (folgend: \u201eMETA\u201c) zur\u00fcck. Beide Organisationen, die Wirtschaftsf\u00f6rderung Neuwied und META, sind im Grundsatz gemeinsam Verantwortliche f\u00fcr die Social-Media-Auftritte in den sozialen Netzwerken Facebook und Instagram gem\u00e4\u00df Art. 4 Nr. 7 sowie Art. 26 DS-GVO (EU-Datenschutz-Grundverordnung).<\/p>\n<p>Wir weisen darauf hin, dass diese Daten von META gegebenenfalls in L\u00e4nder au\u00dferhalb der Europ\u00e4ischen Union \u00fcbertragen und dort verarbeitet werden. Auf die Datenverarbeitung durch META haben wir keinen Einfluss. Weitere Informationen \u00fcber die Datenverarbeitung durch META finden Sie in den Datenschutzhinweisen von Facebook (https:\/\/www.facebook.com\/privacy\/explanation) und Instagram (https:\/\/help.instagram.com\/519522125107875).<\/p>\n<p>Im Normalfall k\u00f6nnen Sie unsere Social-Media-Seiten (folgend: Fanpages) aufrufen, ohne Angaben \u00fcber Ihre Person machen zu m\u00fcssen. In Einzelf\u00e4llen ben\u00f6tigen wir jedoch pers\u00f6nliche Daten von Ihnen, beispielsweise wenn Sie \u00fcber diese Fanpages mit uns kommunizieren. Falls Sie uns Informationen \u00fcber Dritte, wie Gesch\u00e4ftspartner oder Angeh\u00f6rige, mitteilen, setzen wir voraus, dass Sie daf\u00fcr vorher eine entsprechende Zustimmung erhalten haben. Bei der Nutzung unserer Social-Media-Seiten verarbeiten wir folgende Kategorien personenbezogener Daten:<\/p>\n<p>&#8211; **Nutzungsdaten**: Informationen \u00fcber Ihre Interaktionen mit unseren Seiten (z.B. Likes, Kommentare, Nachrichten).<\/p>\n<p>&#8211; **Inhaltsdaten**: Von Ihnen bereitgestellte Inhalte (z.B. Fotos, Videos, Texte).<\/p>\n<p>&#8211; **Kommunikationsdaten**: Informationen, die Sie uns bei der Kontaktaufnahme zur Verf\u00fcgung stellen (z.B. Name, E-Mail-Adresse, Telefonnummer).<\/p>\n<p>Diese Daten verwenden wir, um mit Ihnen zu kommunizieren, Ihre Anfragen zu beantworten und unsere Social-Media-Pr\u00e4senz zu analysieren und zu verbessern. Eine Weitergabe Ihrer Daten durch die Wirtschaftsf\u00f6rderung Neuwied an Dritte erfolgt nur, soweit dies zur Erf\u00fcllung der oben genannten Zwecke erforderlich ist oder wir gesetzlich dazu verpflichtet sind.<\/p>\n<p>Wir weisen Sie darauf hin, dass Sie diese Fanpages und ihre Funktionen in eigener Verantwortung nutzen. Dies gilt insbesondere f\u00fcr die Nutzung der interaktiven Funktionen (bspw. Kommentieren, Teilen, Bewerten). Unser berechtigtes Interesse liegt darin, auf unseren Fanpages Informationen zu pr\u00e4sentieren, mit Ihnen zu kommunizieren und auf Anfragen und Kommentare zu reagieren. Alternativ k\u00f6nnen Sie die \u00fcber unsere Fanpages angebotenen Informationen auch \u00fcber unseren Internetauftritt unter https:\/\/www.kreis-neuwied.de abrufen.<\/p>\n<p>Sie haben das Recht, Auskunft \u00fcber die von uns verarbeiteten personenbezogenen Daten zu erhalten. Au\u00dferdem haben Sie das Recht auf Berichtigung, L\u00f6schung, Einschr\u00e4nkung der Verarbeitung und \u00dcbertragbarkeit Ihrer Daten. Sie k\u00f6nnen der Verarbeitung Ihrer personenbezogenen Daten jederzeit widersprechen.<\/p>\n<p>***Stand Mai 2024***<\/p>\n<ul>\n<\/ul>\n<\/div><\/div><\/div><\/div><\/div>\n","protected":false},"excerpt":{"rendered":"","protected":false},"author":1,"featured_media":0,"parent":0,"menu_order":0,"comment_status":"closed","ping_status":"closed","template":"100-width.php","meta":{"footnotes":""},"class_list":["post-2556","page","type-page","status-publish","hentry"],"acf":[],"_links":{"self":[{"href":"https:\/\/fachkraefteallianz-nr.de\/index.php\/wp-json\/wp\/v2\/pages\/2556","targetHints":{"allow":["GET"]}}],"collection":[{"href":"https:\/\/fachkraefteallianz-nr.de\/index.php\/wp-json\/wp\/v2\/pages"}],"about":[{"href":"https:\/\/fachkraefteallianz-nr.de\/index.php\/wp-json\/wp\/v2\/types\/page"}],"author":[{"embeddable":true,"href":"https:\/\/fachkraefteallianz-nr.de\/index.php\/wp-json\/wp\/v2\/users\/1"}],"replies":[{"embeddable":true,"href":"https:\/\/fachkraefteallianz-nr.de\/index.php\/wp-json\/wp\/v2\/comments?post=2556"}],"version-history":[{"count":34,"href":"https:\/\/fachkraefteallianz-nr.de\/index.php\/wp-json\/wp\/v2\/pages\/2556\/revisions"}],"predecessor-version":[{"id":2863,"href":"https:\/\/fachkraefteallianz-nr.de\/index.php\/wp-json\/wp\/v2\/pages\/2556\/revisions\/2863"}],"wp:attachment":[{"href":"https:\/\/fachkraefteallianz-nr.de\/index.php\/wp-json\/wp\/v2\/media?parent=2556"}],"curies":[{"name":"wp","href":"https:\/\/api.w.org\/{rel}","templated":true}]}}